*3 + 9*g**2 + 6*g - 7. Let j(r) = -7*r**3 + 9*r**2 + 5*r - 8. Let k(s) = 5*j(s) - 6*z(s). Calculate k(10).
-8
Let c(d) = 5*d - 49. Let h(p) = p - 12. Let f(t) = -2*c(t) + 9*h(t). Determine f(0).
-10
Suppose 3*d = 4*f - 22, -10*d = -14*d - 4*f + 8. Let z(a) = -a**3 + 2*a**2 - 3*a - 3. Give z(d).
19
Let f(s) = -s**2 + 2*s + 2. Let j(k) be the second derivative of -5*k**4/12 + 3*k**3/2 + 9*k**2/2 + 3*k. Let w(b) = 9*f(b) - 2*j(b). Calculate w(-2).
4
Let b(o) be the third derivative of o**4/24 - o**3/2 - o**2. Let c(n) = n**2 - 3*n - 23. Let i be c(7). Give b(i).
2
Let k be (0 - 1)*(0 - 0). Suppose k = -7*j + 2*j - 30. Let h(n) = -2*n - 7. Calculate h(j).
5
Let k(c) = c**3 - c**2 - 2*c + 2. Let t be k(2). Let m = t - 1. Suppose 2*w - 1 = 3*b, -m = -4*w - 5*b - 10. Let r(n) = n**2 + n + 1. Determine r(w).
1
Let f(r) be the first derivative of -7*r + 7*r + 0 - 2 + r**2. Determine f(2).
4
Suppose -4*y - 13 = u, -5*y + 6 - 1 = -3*u. Let l = 0 + 0. Let h(q) = l - 3*q**2 - q + 0*q - 2*q - 3. What is h(y)?
-9
Let c be 6*(-3 + 2)*-1. Let b(l) = -5*l**3 - 6*l - 13. Let a(q) = 11*q**3 - q**2 + 13*q + 27. Let n(h) = -6*a(h) - 13*b(h). What is n(c)?
7
Let l(v) = 57*v - 28*v - 1 + v**2 - 28*v. Determine l(-2).
1
Let a(l) be the first derivative of -11*l**3/3 - l - 11. Calculate a(-1).
-12
Suppose 0 = -2*i - c + 1, -2*i - 2*i + 17 = 5*c. Let q(t) = -2*t**2 - t - 1. Determine q(i).
-7
Suppose 3*u - 4 = 8. Suppose 3*c - 9 = 0, 7*c = -u*z + 2*c + 27. Let s(d) = -d**3 + 2*d**2 + 4. Calculate s(z).
-5
Let p(w) = w + w**3 - 4*w**2 - 153 + 153. Calculate p(3).
-6
Let r = -16 + 22. Let o(f) = f**3 - 6*f**2 + f - 8. Calculate o(r).
-2
Let t(n) be the third derivative of n**5/120 + n**4/4 + n**3 - 5*n**2. Let m(o) be the first derivative of t(o). Determine m(-6).
0
Let q(n) = n + 5. Let m be q(0). Let y(o) = -5 - o**3 + m*o**2 - 2*o - 5*o**2 + 5*o**2. Suppose 89 - 85 = h. What is y(h)?
3
Let y(z) = -5*z - 2. Let n = 7 - 2. Let j(p) = -1 + n*p - 4*p + 2 - 2*p. Let s(q) = 2*j(q) + y(q). What is s(-1)?
7
Let z be 4/6 + 174/9. Suppose -2*h = -2*n - 52, z = -0*h + h - 4*n. Let x be (-4)/(-6) + h/(-6). Let b(y) = -y - 3. Calculate b(x).
1
Let z(r) = -r + 1. Let i = 10 + -15. Let m = i + 5. Calculate z(m).
1
Let x = 4 - 4. Let y(c) be the second derivative of 0 + 11/2*c**2 - 1/6*c**3 - c. Determine y(x).
11
Let o(j) be the third derivative of -j**4/12 - 2*j**3/3 - 2*j**2. What is o(-5)?
6
Suppose -o = 2*o + 33. Let p = -7 - o. Suppose -2*b - 26 = p*w, -4*w - 3*b - 33 = -2. Let d(r) = -r**3 - 4*r**2 - 2*r - 6. Give d(w).
2
Suppose r - 2*r = -5*o, 4*r = 5*o. Let f = 0 - o. Let v(b) = -b + f + 0 - 1. Calculate v(2).
-3
Let b(v) = 3*v - 3. Suppose 4*w - 16 = 2*w + 3*f, -3*f = -5*w + 22. Suppose 3*z + 3 = -2*j, 0 = j - 4*j + w*z - 11. Give b(j).
-12
Let j(i) be the third derivative of i**5/15 + i**4/12 - i**2. Let o be (5 - (2 - -1))*-1. Determine j(o).
12
Let w = -6 + 8. Let z(g) = 4 + 0*g - w*g + 1. What is z(4)?
-3
Let u(f) = -4*f + f**2 + 3*f**2 - 5 - 3*f**2. Let m(b) = -b**3 + 6*b**2 - 3*b - 6. Let j be m(5). What is u(j)?
-5
Let v be 2/(-4) - 18/4. Let s be 12/2*(-2)/(-6). Let p(u) = -3 + u**3 + 3*u**s + 9*u - 8*u + 2*u**2. What is p(v)?
-8
Let h(c) = -c**3 - 6*c**2 - 6*c - 2. Suppose 19*q = 15*q - 20. Determine h(q).
3
Let n(r) be the second derivative of r**3/6 + 7*r**2/2 + 125*r. Let a = -2 - -3. Let g = -1 + a. Give n(g).
7
Let v(q) = 49*q - 25*q - 26*q + 1 - 2. What is v(5)?
-11
Let c(d) be the third derivative of d**5/20 + d**4/24 - d**2. Let u(j) = j - 4. Let l be u(5). Let g be l*(-1 - -4) + -2. What is c(g)?
4
Let j(h) = -5 - 2*h - 11*h + 10*h. Give j(-4).
7
Let b(q) be the second derivative of q**4/6 - q**3/3 + 3*q**2/2 - 11*q. What is b(2)?
7
Let h(u) = 14*u + 8. Let f(a) = -5*a - 3. Let s(r) = -11*f(r) - 4*h(r). Let z = -6 + 17. Let v(k) = -k**3 + 10*k**2 + 12*k - 16. Let n be v(z). Calculate s(n).
6
Let w be (5/(-30)*2)/((-1)/9). Let y(p) be the third derivative of -p**4/12 + p**3/6 - p**2. Determine y(w).
-5
Let d(o) = o**3 + 3*o**2 + 2*o + 1. Let j be d(-3). Let b = 1 + j. Let v(h) = -h**3 - 4*h**2 + 2*h - 2. Give v(b).
-10
Let s = -4 - -7. Let t(m) be the third derivative of -1/8*m**4 + 0*m**s + 0*m + 1/15*m**5 + m**2 + 0 - 1/120*m**6. Give t(3).
0
Let d be (-10)/4*(-20)/25. Let z(a) = d*a**2 - 1 - 4*a**2 - 3*a + a**2. Give z(-4).
-5
Let u(x) = -x**2 + 8*x - 9. Let s be u(7). Let k(n) = 8*n + 6. Let f(z) = z**2 - z - 1. Let c(p) = -4*f(p) - k(p). Calculate c(s).
-10
Let x(d) = -d**2 + d + 1. Let u(j) = 2*j**3 - j**2 - 4*j + 3. Let t be u(2). Let m = t - 12. Let v be 1/5 + (-9)/m. Give x(v).
-1
Let d(o) = -o**3 - 4*o**2 + o - 5. Suppose 0 = h, -6*h - 12 = 4*m - h. Let q be -6 + -1 + (0 - m). What is d(q)?
-9
Suppose -2*o + 2 = 2*r - 2, -2 = -o + 4*r. Suppose q - 5*q + o*a = -6, 2*a - 10 = 0. Let d(x) = -x + 4. Calculate d(q).
0
Let r(i) = i**3 + 1. Let f(z) = z**3 + 2*z**2 - 1. Let b(v) = -f(v) + 2*r(v). What is b(3)?
12
Let n(a) be the second derivative of -a**3/6 - 4*a**2 + a. Suppose 5*b + 11 = -19. What is n(b)?
-2
Let r(i) = 2*i - i + 1 + 1. Let a be r(3). Let u(s) = 3*s - 7. Let o(k) = 6*k - 14. Let f(b) = -3*o(b) + 7*u(b). What is f(a)?
8
Let w(g) = g**2 - 7*g + 5. Suppose 0 = -0*u + 4*u. Let d = -26 + 46. Suppose 7*o = 3*o + 3*h + 25, u = 2*o - 4*h - d. Calculate w(o).
-7
Suppose 9 = 5*w - 1. Let n(c) = -2*c**2 + 3*c**3 - c - w*c**3 + c**2. Let r(l) = 3*l**3 - 8*l**2 - 5*l + 2. Let y(f) = -5*n(f) + r(f). Calculate y(-2).
6
Let s be (-6)/((-57)/66 - -1). Let z be 4/(-6) - s/(-6). Let x = -6 - z. Let g(d) = -2*d + 3. Determine g(x).
-1
Let a(u) = -4*u**2. Suppose -10*q - 24 = -6*q. Let w be -2*(-6)/(-4) - 2. Let o = w - q. Calculate a(o).
-4
Let r(h) = -6*h**2 + 7*h + 4. Let p(m) = m**2 - m - 1. Let a(j) = -5*p(j) - r(j). Calculate a(1).
0
Let y(q) be the second derivative of q**6/72 + q**5/120 + q**3/2 - 4*q. Let z(i) be the second derivative of y(i). What is z(1)?
6
Let q = 6 + -7. Let a be (-6)/4 + (-6)/(-4). Let t(w) = 0*w + 1 - w + 3*w + a*w. Determine t(q).
-1
Let t = 0 - -5. Suppose -d = -0 - t. Let n(g) = -g**2 + 4*g. Give n(d).
-5
Let p(r) be the third derivative of r**4/2 - r**3/6 - r**2. Calculate p(1).
11
Let l(q) = 5*q**3 + q**2 - 6*q + 2. Let w(h) = 9*h**3 + 3*h**2 - 12*h + 3. Let f(k) = -11*l(k) + 6*w(k). What is f(5)?
16
Let j(l) = -4*l - 1. Let p(n) = -n**3 - 4*n**2 + 12*n + 7. Let d be p(-6). Suppose -r + d - 5 = 0. Calculate j(r).
-9
Let a(p) be the first derivative of p**4/4 + 2*p**3/3 + p**2/2 + p + 1. Let m = 6 - 8. What is a(m)?
-1
Suppose 0 = -2*j + 5*f + 30, -j = -2*j - f + 1. Let n(w) = j*w + 4 - 3*w - 3*w - w. Calculate n(5).
-6
Let b(z) = -6*z**2 - 4 + 0 - z + 5*z**2. Calculate b(0).
-4
Let h(j) be the first derivative of -3*j**4/4 - 4*j**3 + 5*j**2 + 6*j + 3. Let k(b) = b**3 + 6*b**2 - 5*b - 3. Let n(t) = 2*h(t) + 5*k(t). Determine n(5).
-3
Let v be 20*(3 - 10/4). Let u = -15 + v. Let r be (6/u)/(2/5). Let q(k) = k**3 + 5*k**2 + 3*k - 4. Calculate q(r).
5
Let k(m) = 19*m - 36. Let q(w) = 7*w - 12. Let x(d) = -3*k(d) + 8*q(d). Determine x(6).
6
Let f = 8 + 4. Suppose f = 2*p + 2. Let t(x) = -4*x**2 - 3*x - x**2 + 2*x**2 + 2*x**2 + p. What is t(-5)?
-5
Let a(g) be the second derivative of -g**5/20 - 2*g**4/3 - 3*g**3/2 - 4*g**2 + 17*g. Determine a(-7).
6
Let k(o) = -3*o - 1. Let j(x) = x**3 + 5*x**2 + 4*x - 3. Let m be j(-4). Let w be (-10)/30 + (-7)/m. What is k(w)?
-7
Let r(j) = 3*j - 2*j**2 + 0*j - 4*j - 6*j**3 - 4*j**3. Give r(-1).
9
Let r be 14 + (4 - (-2)/(-1)). Suppose 0 = 4*c + r. Let q(x) = -x**3 - 5*x**2 - 6*x. Give q(c).
8
Let m be 1 - -4 - (0 - 0). Let h(c) = 5*c**3 - 6 + 5 + 5*c**2 - 6*c**3. Give h(m).
-1
Let b be ((-28)/(-2))/((-6)/(-3)). Let g = -2 + b. Let d(z) = -1 - g + 1 + z. Calculate d(5).
0
Let u be (-3)/6*-4*2. Suppose -u*l + 10 = l. Let k(m) = m**3 - 2*m**2 - m + 1. Determine k(l).
-1
Let v(b) = -b**2 - 3*b - 1. Let d = -11 - -9. What is v(d)?
1
Let r(w) = -w**2 - 6*w. Suppose 0 = -t + 3*t + 12. Let d be r(t). Let j(g) = 3*g**2 - 8 - 4*g**2 - g**3 - g + 0*g**2. Determine j(d).
-8
Let h be 0/(1 - 4 - -4). Let r(q) = -q - 10. Suppose -2*z - 21 = -7. Let n(c) = c + 11. Let t(p) = z*r(p) - 6*n(p). Give t(h).
4
Let v(g) = -5*g**3 - 2*g**2 + 1. Let a = 3 - 5. Let l be -1 + a*6/3. Let j(b) = -b**2 - 6*b - 4.